{"id":564,"date":"2021-06-07T09:57:50","date_gmt":"2021-06-07T05:57:50","guid":{"rendered":"https:\/\/kineticsreunion.com\/?page_id=564"},"modified":"2021-06-07T09:59:16","modified_gmt":"2021-06-07T05:59:16","slug":"564-2","status":"publish","type":"page","link":"https:\/\/kineticsreunion.com\/index.php\/564-2\/","title":{"rendered":"Concept Mulligan"},"content":{"rendered":"<p>[et_pb_section fb_built=\u00a0\u00bb1&Prime; _builder_version=\u00a0\u00bb4.9.4&Prime; _module_preset=\u00a0\u00bbdefault\u00a0\u00bb][et_pb_row _builder_version=\u00a0\u00bb4.9.4&Prime; _module_preset=\u00a0\u00bbdefault\u00a0\u00bb column_structure=\u00a0\u00bb1_3,2_3&Prime;][et_pb_column _builder_version=\u00a0\u00bb4.9.4&Prime; _module_preset=\u00a0\u00bbdefault\u00a0\u00bb type=\u00a0\u00bb1_3&Prime;][et_pb_image src=\u00a0\u00bbhttps:\/\/kineticsreunion.com\/wp-content\/uploads\/2021\/06\/MULLIGAN.jpg\u00a0\u00bb _builder_version=\u00a0\u00bb4.9.4&Prime; _module_preset=\u00a0\u00bbdefault\u00a0\u00bb title_text=\u00a0\u00bbMULLIGAN\u00a0\u00bb hover_enabled=\u00a0\u00bb0&Prime; sticky_enabled=\u00a0\u00bb0&Prime;][\/et_pb_image][\/et_pb_column][et_pb_column _builder_version=\u00a0\u00bb4.9.4&Prime; _module_preset=\u00a0\u00bbdefault\u00a0\u00bb type=\u00a0\u00bb2_3&Prime;][et_pb_text _builder_version=\u00a0\u00bb4.9.4&Prime; _module_preset=\u00a0\u00bbdefault\u00a0\u00bb hover_enabled=\u00a0\u00bb0&Prime; sticky_enabled=\u00a0\u00bb0&Prime; custom_padding=\u00a0\u00bb|||24px||\u00a0\u00bb]<\/p>\n<p><span><\/span><\/p>\n<p>Le concept Mulligan est une technique de th\u00e9rapie manuelle d\u00e9velopp\u00e9 par Brian Mulligan dans les ann\u00e9es 80. Il s\u2019agit de <strong>mobilisations passives d\u2019une articulation, isol\u00e9es ou combin\u00e9es \u00e0 des mouvements actifs.<\/strong><\/p>\n<p>L\u2019objectif de cette manipulation est de <strong>gagner en amplitude articulaire et de diminuer la douleur<\/strong> provoqu\u00e9e par certains probl\u00e8mes musculo-squelettiques. En g\u00e9n\u00e9ral, le succ\u00e8s de ces techniques est expliqu\u00e9 par la correction de <strong>d\u00e9fauts positionnels et par des effets neurophysiologiques<\/strong>.<\/p>\n<p>Plus d\u2019information sur le site du concept Mulligan<span>\u00a0<\/span><a class=\"\" href=\"https:\/\/bmulligan.com\/\" target=\"_blank\" rel=\"noopener\">https:\/\/bmulligan.com<\/a><\/p>\n<p>[\/et_pb_text][\/et_pb_column][\/et_pb_row][\/et_pb_section]<\/p>\n","protected":false},"excerpt":{"rendered":"<p>Le concept Mulligan est une technique de th\u00e9rapie manuelle d\u00e9velopp\u00e9 par Brian Mulligan dans les ann\u00e9es 80. Il s\u2019agit de mobilisations passives d\u2019une articulation, isol\u00e9es ou combin\u00e9es \u00e0 des mouvements actifs. L\u2019objectif de cette manipulation est de gagner en amplitude articulaire et de diminuer la douleur provoqu\u00e9e par certains probl\u00e8mes musculo-squelettiques. En g\u00e9n\u00e9ral, le succ\u00e8s [&hellip;]<\/p>\n","protected":false},"author":1,"featured_media":0,"parent":0,"menu_order":0,"comment_status":"closed","ping_status":"closed","template":"","meta":{"_et_pb_use_builder":"on","_et_pb_old_content":"","_et_gb_content_width":"","footnotes":""},"class_list":["post-564","page","type-page","status-publish","hentry"],"yoast_head":"<!-- This site is optimized with the Yoast SEO plugin v26.8 - https:\/\/yoast.com\/product\/yoast-seo-wordpress\/ -->\n<title>Concept Mulligan - Kinetics R\u00e9union<\/title>\n<meta name=\"robots\" content=\"index, follow, max-snippet:-1, max-image-preview:large, max-video-preview:-1\" \/>\n<link rel=\"canonical\" href=\"https:\/\/kineticsreunion.com\/index.php\/564-2\/\" \/>\n<meta property=\"og:locale\" content=\"fr_FR\" \/>\n<meta property=\"og:type\" content=\"article\" \/>\n<meta property=\"og:title\" content=\"Concept Mulligan - Kinetics R\u00e9union\" \/>\n<meta property=\"og:description\" content=\"Le concept Mulligan est une technique de th\u00e9rapie manuelle d\u00e9velopp\u00e9 par Brian Mulligan dans les ann\u00e9es 80. Il s\u2019agit de mobilisations passives d\u2019une articulation, isol\u00e9es ou combin\u00e9es \u00e0 des mouvements actifs. L\u2019objectif de cette manipulation est de gagner en amplitude articulaire et de diminuer la douleur provoqu\u00e9e par certains probl\u00e8mes musculo-squelettiques. En g\u00e9n\u00e9ral, le succ\u00e8s [&hellip;]\" \/>\n<meta property=\"og:url\" content=\"https:\/\/kineticsreunion.com\/index.php\/564-2\/\" \/>\n<meta property=\"og:site_name\" content=\"Kinetics R\u00e9union\" \/>\n<meta property=\"article:modified_time\" content=\"2021-06-07T05:59:16+00:00\" \/>\n<meta name=\"twitter:card\" content=\"summary_large_image\" \/>\n<script type=\"application\/ld+json\" class=\"yoast-schema-graph\">{\"@context\":\"https:\/\/schema.org\",\"@graph\":[{\"@type\":\"WebPage\",\"@id\":\"https:\/\/kineticsreunion.com\/index.php\/564-2\/\",\"url\":\"https:\/\/kineticsreunion.com\/index.php\/564-2\/\",\"name\":\"Concept Mulligan - Kinetics R\u00e9union\",\"isPartOf\":{\"@id\":\"https:\/\/kineticsreunion.com\/#website\"},\"datePublished\":\"2021-06-07T05:57:50+00:00\",\"dateModified\":\"2021-06-07T05:59:16+00:00\",\"breadcrumb\":{\"@id\":\"https:\/\/kineticsreunion.com\/index.php\/564-2\/#breadcrumb\"},\"inLanguage\":\"fr-FR\",\"potentialAction\":[{\"@type\":\"ReadAction\",\"target\":[\"https:\/\/kineticsreunion.com\/index.php\/564-2\/\"]}]},{\"@type\":\"BreadcrumbList\",\"@id\":\"https:\/\/kineticsreunion.com\/index.php\/564-2\/#breadcrumb\",\"itemListElement\":[{\"@type\":\"ListItem\",\"position\":1,\"name\":\"Accueil\",\"item\":\"https:\/\/kineticsreunion.com\/\"},{\"@type\":\"ListItem\",\"position\":2,\"name\":\"Concept Mulligan\"}]},{\"@type\":\"WebSite\",\"@id\":\"https:\/\/kineticsreunion.com\/#website\",\"url\":\"https:\/\/kineticsreunion.com\/\",\"name\":\"Kinetics R\u00e9union\",\"description\":\"Cabinets de Masso-kin\u00e9sith\u00e9rapie\",\"publisher\":{\"@id\":\"https:\/\/kineticsreunion.com\/#organization\"},\"potentialAction\":[{\"@type\":\"SearchAction\",\"target\":{\"@type\":\"EntryPoint\",\"urlTemplate\":\"https:\/\/kineticsreunion.com\/?s={search_term_string}\"},\"query-input\":{\"@type\":\"PropertyValueSpecification\",\"valueRequired\":true,\"valueName\":\"search_term_string\"}}],\"inLanguage\":\"fr-FR\"},{\"@type\":\"Organization\",\"@id\":\"https:\/\/kineticsreunion.com\/#organization\",\"name\":\"kinetics\",\"url\":\"https:\/\/kineticsreunion.com\/\",\"logo\":{\"@type\":\"ImageObject\",\"inLanguage\":\"fr-FR\",\"@id\":\"https:\/\/kineticsreunion.com\/#\/schema\/logo\/image\/\",\"url\":\"https:\/\/mlgmt6imvu4i.i.optimole.com\/cb:GY6c~169a3\/w:auto\/h:auto\/q:mauto\/f:best\/https:\/\/kineticsreunion.com\/wp-content\/uploads\/2021\/05\/Icone-kinetics.jpg\",\"contentUrl\":\"https:\/\/mlgmt6imvu4i.i.optimole.com\/cb:GY6c~169a3\/w:auto\/h:auto\/q:mauto\/f:best\/https:\/\/kineticsreunion.com\/wp-content\/uploads\/2021\/05\/Icone-kinetics.jpg\",\"width\":512,\"height\":512,\"caption\":\"kinetics\"},\"image\":{\"@id\":\"https:\/\/kineticsreunion.com\/#\/schema\/logo\/image\/\"}}]}<\/script>\n<!-- \/ Yoast SEO plugin. -->","yoast_head_json":{"title":"Concept Mulligan - Kinetics R\u00e9union","robots":{"index":"index","follow":"follow","max-snippet":"max-snippet:-1","max-image-preview":"max-image-preview:large","max-video-preview":"max-video-preview:-1"},"canonical":"https:\/\/kineticsreunion.com\/index.php\/564-2\/","og_locale":"fr_FR","og_type":"article","og_title":"Concept Mulligan - Kinetics R\u00e9union","og_description":"Le concept Mulligan est une technique de th\u00e9rapie manuelle d\u00e9velopp\u00e9 par Brian Mulligan dans les ann\u00e9es 80. Il s\u2019agit de mobilisations passives d\u2019une articulation, isol\u00e9es ou combin\u00e9es \u00e0 des mouvements actifs. L\u2019objectif de cette manipulation est de gagner en amplitude articulaire et de diminuer la douleur provoqu\u00e9e par certains probl\u00e8mes musculo-squelettiques. En g\u00e9n\u00e9ral, le succ\u00e8s [&hellip;]","og_url":"https:\/\/kineticsreunion.com\/index.php\/564-2\/","og_site_name":"Kinetics R\u00e9union","article_modified_time":"2021-06-07T05:59:16+00:00","twitter_card":"summary_large_image","schema":{"@context":"https:\/\/schema.org","@graph":[{"@type":"WebPage","@id":"https:\/\/kineticsreunion.com\/index.php\/564-2\/","url":"https:\/\/kineticsreunion.com\/index.php\/564-2\/","name":"Concept Mulligan - Kinetics R\u00e9union","isPartOf":{"@id":"https:\/\/kineticsreunion.com\/#website"},"datePublished":"2021-06-07T05:57:50+00:00","dateModified":"2021-06-07T05:59:16+00:00","breadcrumb":{"@id":"https:\/\/kineticsreunion.com\/index.php\/564-2\/#breadcrumb"},"inLanguage":"fr-FR","potentialAction":[{"@type":"ReadAction","target":["https:\/\/kineticsreunion.com\/index.php\/564-2\/"]}]},{"@type":"BreadcrumbList","@id":"https:\/\/kineticsreunion.com\/index.php\/564-2\/#breadcrumb","itemListElement":[{"@type":"ListItem","position":1,"name":"Accueil","item":"https:\/\/kineticsreunion.com\/"},{"@type":"ListItem","position":2,"name":"Concept Mulligan"}]},{"@type":"WebSite","@id":"https:\/\/kineticsreunion.com\/#website","url":"https:\/\/kineticsreunion.com\/","name":"Kinetics R\u00e9union","description":"Cabinets de Masso-kin\u00e9sith\u00e9rapie","publisher":{"@id":"https:\/\/kineticsreunion.com\/#organization"},"potentialAction":[{"@type":"SearchAction","target":{"@type":"EntryPoint","urlTemplate":"https:\/\/kineticsreunion.com\/?s={search_term_string}"},"query-input":{"@type":"PropertyValueSpecification","valueRequired":true,"valueName":"search_term_string"}}],"inLanguage":"fr-FR"},{"@type":"Organization","@id":"https:\/\/kineticsreunion.com\/#organization","name":"kinetics","url":"https:\/\/kineticsreunion.com\/","logo":{"@type":"ImageObject","inLanguage":"fr-FR","@id":"https:\/\/kineticsreunion.com\/#\/schema\/logo\/image\/","url":"https:\/\/mlgmt6imvu4i.i.optimole.com\/cb:GY6c~169a3\/w:auto\/h:auto\/q:mauto\/f:best\/https:\/\/kineticsreunion.com\/wp-content\/uploads\/2021\/05\/Icone-kinetics.jpg","contentUrl":"https:\/\/mlgmt6imvu4i.i.optimole.com\/cb:GY6c~169a3\/w:auto\/h:auto\/q:mauto\/f:best\/https:\/\/kineticsreunion.com\/wp-content\/uploads\/2021\/05\/Icone-kinetics.jpg","width":512,"height":512,"caption":"kinetics"},"image":{"@id":"https:\/\/kineticsreunion.com\/#\/schema\/logo\/image\/"}}]}},"_links":{"self":[{"href":"https:\/\/kineticsreunion.com\/index.php\/wp-json\/wp\/v2\/pages\/564","targetHints":{"allow":["GET"]}}],"collection":[{"href":"https:\/\/kineticsreunion.com\/index.php\/wp-json\/wp\/v2\/pages"}],"about":[{"href":"https:\/\/kineticsreunion.com\/index.php\/wp-json\/wp\/v2\/types\/page"}],"author":[{"embeddable":true,"href":"https:\/\/kineticsreunion.com\/index.php\/wp-json\/wp\/v2\/users\/1"}],"replies":[{"embeddable":true,"href":"https:\/\/kineticsreunion.com\/index.php\/wp-json\/wp\/v2\/comments?post=564"}],"version-history":[{"count":3,"href":"https:\/\/kineticsreunion.com\/index.php\/wp-json\/wp\/v2\/pages\/564\/revisions"}],"predecessor-version":[{"id":570,"href":"https:\/\/kineticsreunion.com\/index.php\/wp-json\/wp\/v2\/pages\/564\/revisions\/570"}],"wp:attachment":[{"href":"https:\/\/kineticsreunion.com\/index.php\/wp-json\/wp\/v2\/media?parent=564"}],"curies":[{"name":"wp","href":"https:\/\/api.w.org\/{rel}","templated":true}]}}